 remainder when 37 is divided by l(8)?
11
Let n(t) = -t**3 - 5*t**2 - t + 5. Let h = -11 - -29. What is the remainder when h is divided by n(-5)?
8
Let m = 36 + -24. Calculate the remainder when 45 is divided by m.
9
Suppose -5*h - 9 + 64 = 0. What is the remainder when 21 is divided by h?
10
Let h(j) = 3*j + 9. Let b(f) = f + 1. Let u(a) = 20*b(a) - 4*h(a). What is the remainder when u(8) is divided by 17?
14
Let n(j) be the first derivative of 27*j**2/2 + j - 2. What is the remainder when n(1) is divided by 10?
8
Let k = -3 + 5. Suppose -3*w - k*v + 12 = 3, 17 = 4*w + v. Calculate the remainder when 22 is divided by w.
2
Let x(s) = s + 28. What is the remainder when x(-13) is divided by 9?
6
Suppose -3*h + 4 = 5*j - 4*h, 2*j = -3*h - 12. Suppose j = -3*d - 2*u + 242, -157 = -2*d + 5*u - 2*u. What is the remainder when d is divided by -3*(-1)/(3/27)?
26
Let m(z) = z + 7. Let a = -143 + 49. Calculate the remainder when (a - 2)/(-3) + 2 is divided by m(5).
10
Let w(i) = 2*i**2 - 15. Suppose -3*y + 2*h = 6*h - 159, 3*y + 2*h = 153. What is the remainder when y is divided by w(4)?
15
Suppose 0 = -2*p - 2, -5*t - 13 = 5*p + 37. Let d be 0*(-3)/t + 92. Suppose -c - 3*c = -d. What is the remainder when 44 is divided by c?
21
Suppose 485 = -4*m + u, 5*u - 6 = -21. Let z = m + 194. Suppose -2*x + z = -8. Calculate the remainder when x is divided by 14.
12
Suppose -5*h = -3*h + 3*k - 37, -3*h + 93 = -3*k. Suppose 2*p - h = -0*p. Calculate the remainder when 23 is divided by p.
10
Let b(g) = -g**3 + 7*g**2 - 8*g - 3. What is the remainder when 101 is divided by b(4)?
10
Suppose 0 = -5*c - 0*c. Suppose -3*k + 24 + 15 = c. Let m = -56 - -80. Calculate the remainder when m is divided by k.
11
Let j(p) = p + 10. Let a be j(-7). Let f(s) = -a*s + 2 + 2 - s**3 - 3*s**2 - 3. Calculate the remainder when 28 is divided by f(-3).
8
Let i be 43/5 + 15/(-25). Suppose -l = -t - i, -2*l + 23 = -l - 4*t. Let m = -1 - -8. Calculate the remainder when m is divided by l.
1
Suppose 3*c - 108 = -c. Suppose -4*p + 25 = -k, 55 - 5 = 5*p + 5*k. Let l = p - -3. Calculate the remainder when c is divided by l.
7
Let q(g) = g**3 - 8*g**2 - 5*g - 12. Let l(i) = i**3 + 6*i**2 + 5*i. Let u be l(-5). Suppose 45 = 5*d - u*d. What is the remainder when q(d) is divided by 9?
6
Suppose q - 5 - 40 = 0. Let u = 120 + q. Suppose u = 4*j - 3*i, -4*j - i - 3*i = -200. What is the remainder when j is divided by 12?
9
Calculate the remainder when 71 is divided by (-4)/(-22) + 2156/121.
17
Let v(u) = 10*u - 1. Suppose -g = 2*i - 2*g - 6, 4*i + 4*g + 12 = 0. Let q = 37 + -12. Calculate the remainder when q is divided by v(i).
7
Suppose w - 7*v + 2*v - 34 = 0, 0 = w - 4*v - 31. Calculate the remainder when w is divided by 7.
5
Suppose -4*r = -11 + 3. Suppose -r*x = 2*x - 12. Suppose -x*i = -7*i + 28. What is the remainder when 13 is divided by i?
6
Suppose 0 = -12*j + 17*j - 20. Let d(g) = g**2 + 5*g - 6. Calculate the remainder when d(j) is divided by 8.
6
Let q = -537 - -380. What is the remainder when 6/8 - q/4 is divided by (2 - (-4)/5)*5?
12
Let u be (-1)/((-3)/9) - 8. Let l(w) = -w**2 - 8*w - 9. Let r(c) = c**3 - 6*c**2 + 7*c - 6. What is the remainder when l(u) is divided by r(5)?
2
Let g(z) = 4*z**2 + z. Suppose 3*f - 197 = 97. Let u = -58 + f. Calculate the remainder when u is divided by g(-2).
12
Suppose 4*j - 53 = 607. What is the remainder when j is divided by 42?
39
Suppose 0 = 5*d - 39 - 346. Calculate the remainder when d is divided by 16.
13
Let d = -7 + 27. Calculate the remainder when d is divided by ((-22)/1)/((-28)/14).
9
Suppose 0 = 2*t - 5*x - 15 - 2, -19 = -2*t + 3*x. Calculate the remainder when 95 is divided by t.
7
What is the remainder when 0/(-5) - 8*-14 is divided by 20?
12
Calculate the remainder when 2/(-6)*0 + 29 is divided by 120/42*14/4.
9
Suppose 203 = 19*v - 63. What is the remainder when 60 is divided by v?
4
Let s(u) = 2 - 5 + 11*u**2 + 3*u**3 - 2*u**3 - 2 + 8*u. Calculate the remainder when s(-10) is divided by (8 - -1) + -2 - 1.
3
Suppose 51 = 7*u - 6*u. Calculate the remainder when u is divided by 27.
24
Suppose 2*k = v - k - 12, 4*v - k - 92 = 0. What is the remainder when v is divided by 14?
10
Let u(m) = -m**3 + 14*m**2 - 13*m + 4. Let j be u(13). What is the remainder when ((-1)/(j/52))/(-1) is divided by 8?
5
Suppose -2*p + 77 = -v, -v + 25 = p + 3*v. Suppose i + m = 2*i - 17, i + 5*m + 7 = 0. Calculate the remainder when p is divided by i.
11
Let v = 4 + 2. Suppose 85 = -r + v*r. Let s = -4 + 13. What is the remainder when r is divided by s?
8
Calculate the remainder when -24*(-2 - 5/(-4)) is divided by 5.
3
Let d be 2/4*-2 - -1. Suppose 5*f - 3*f - 8 = d. Calculate the remainder when f is divided by -2*(-2)/(-4)*-3.
1
Suppose 20*o + 8 = 16*o. Let m(t) = -27*t - 5. What is the remainder when m(o) is divided by 25?
24
Let l = 9 + -4. Let r = -3 + l. Suppose -7*k + r*k = -60. Calculate the remainder when 21 is divided by k.
9
Suppose 3*c = -2*c + l + 35, 2*c + 5*l + 13 = 0. Calculate the remainder when -1 + (3 - 1) + 14 is divided by c.
3
Let d = 211 - 82. What is the remainder when d is divided by 26?
25
Suppose 0 = 3*z + z - 4. Let l = -19 - -21. Calculate the remainder when l is divided by z.
0
Let z = 13 - 5. What is the remainder when 23 is divided by z?
7
Suppose 3 = -d + 2*r + r, 5 = r. What is the remainder when 22 is divided by d?
10
Let f(w) = w**3 + 2*w**2 - 3*w - 1. Let z be f(-2). Calculate the remainder when 2 is divided by (2 - z)/(9/(-6)).
0
Let u(h) = h**2 + 7*h - 6. What is the remainder when u(4) is divided by 10?
8
Let w = -3 - -39. What is the remainder when w is divided by 6/(-27) + (-238)/(-18)?
10
Suppose -3*c = -0*c - 9, 4*r = 5*c - 31. Let m(l) = l**3 + 5*l**2 + l. Suppose -z - 4*z = -110. What is the remainder when z is divided by m(r)?
10
Let h(d) = -d**3 - 26*d**2 + 56*d + 9. Calculate the remainder when h(-28) is divided by 5.
4
Let h(s) = s**2 - 5*s + 6. Suppose 4*l - 8 = 8. Suppose -3*q + 5*o = -77, -4*o - 127 = -l*q - 11. Calculate the remainder when q is divided by h(6).
10
Let o be -6*3*4/(-8). Let d(h) = -h + 14. What is the remainder when 9 is divided by d(o)?
4
Suppose -2*w + 4*w = 4*k + 28, -13 = -2*w + k. Calculate the remainder when 59 is divided by w.
3
Suppose q = -3, -3*u + 2*q = q - 27. Let w(j) = -j**3 + 6*j**2 - j - 5. What is the remainder when w(5) is divided by u + (0 + -2 - -2)?
7
Suppose 3*q - 7 = 3*g + 20, 3*q + 3*g = 57. What is the remainder when 25 is divided by q?
11
Let g(d) = -d**2 - 14*d - 2. Calculate the remainder when 64 is divided by g(-12).
20
Let l = -5 + 12. Let g(i) = 7*i + 10. What is the remainder when g(l) is divided by 20?
19
Let a(y) = 22*y - 6. Let h be a(4). Let r = h - 53. Calculate the remainder when r is divided by 12/(-8)*(1 - 11).
14
Suppose -6*h = 4*u - 4*h - 116, 5*u = h + 138. Calculate the remainder when 109 is divided by u.
25
What is the remainder when 8/(-14) + 6723/189 is divided by 15?
5
Let b = 79 + -57. Calculate the remainder when b is divided by 12.
10
Suppose 4*c + 0 = -3*n + 7, -2*n = -c - 1. Let r be (-19)/(n/(-2) + 0). What is the remainder when 55 is divided by (-1)/(1 - 40/r)?
17
Let a be 0/(-1) + 0 - -5. Suppose 2*t + j = 6, -2*t - 16 = -a*t - 5*j. Suppose -48 = -5*r + t*r. Calculate the remainder when 30 is divided by r.
14
Let f be 1/((-1)/5*-1). Suppose -1 = 2*j - f. Suppose -5*i + 18 = -j*i. Calculate the remainder when 16 is divided by i.
4
Suppose 0 = 2*q - 4 - 0. Let o(u) = 3*u**2. What is the remainder when o(q) is divided by 7?
5
Suppose -4*x - 5*o + 7 = 0, 3*o = -2*x - 2 + 7. Let b = 4 + x. What is the remainder when (-4)/6 - (-42)/9 is divided by b?
0
What is the remainder when (708/48)/((-2)/(-8)) is divided by (-47)/(-3) - 4/6?
14
Let h = -70 + 97. Let d be (24/(-10))/((-2)/10). Suppose 3*x = 30 + d. Calculate the remainder when h is divided by x.
13
Let j(u) = u**2 - 2*u + 1. Let o be j(5). Let s = 52 + -22. Let r = s - o. What is the remainder when r is divided by 5?
4
Let c = 17 + -7. Suppose 54 = -0*p + 3*p. What is the remainder when p is divided by c?
8
Let g = -3 + 1. Let c(i) = i**3 + 3*i**2 - i. What is the remainder when 22 is divided by c(g)?
4
Suppose 2*m - 12*m = -160. What is the remainder when 42 is divided by m?
10
Suppos